6.
22b
Convert -435 (base 9) to base 2.
-101100100
-111202 (base 3) to base 4
-11303
What is -95a (base 16) in base 4?
-211122
4ca (base 13) to base 8
1512
Convert 3a4 (base 15) to base 5.
11304
-2b92 (base 12) to base 10
-5150
Convert 1000011110000 (base 2) to base 5.
114321
What is -862 (base 15) in base 3?
-2121002
Convert -17389 (base 12) to base 13.
-1225b
6584 (base 14) to base 16
4498
-1163 (base 13) to base 9
-3318
Convert -7323 (base 10) to base 9.
-11036
What is -3025 (base 7) in base 13?
-628
11111101 (base 2) to base 16
fd
Convert aee (base 16) to base 14.
103c
Convert 16100 (base 7) to base 2.
1000110011100
Convert 10600 (base 9) to base 8.
15607
What is -2c04 (base 15) in base 5?
-300304
What is -2c3 (base 14) in base 5?
-4223
-1054 (base 8) to base 2
-1000101100
What is -1794 (base 10) in base 3?
-2110110
Convert 1010111 (base 2) to base 11.
7a
Convert 11022102 (base 3) to base 15.
de8
Convert 237 (base 15) to base 9.
617
Convert -102210121 (base 3) to base 8.
-20632
Convert -4756 (base 8) to base 10.
-2542
Convert -51220 (base 6) to base 7.
-25524
What is 64 (base 10) in base 4?
1000
Convert -111044 (base 5) to base 9.
-5312
What is -4123021 (base 5) in base 16?
-106bd
Convert -21122202 (base 3) to base 13.
-2705
Convert -1820 (base 15) to base 11.
-3a02
What is 22011222 (base 3) in base 6?
43342
What is -11122010 (base 3) in base 11?
-25a1
What is -100100001110001 (base 2) in base 9?
-27385
-9790 (base 13) to base 11
-14918
11104 (base 7) to base 3
10211121
511 (base 8) to base 5
2304
33a (base 13) to base 9
677
What is -4021 (base 6) in base 8?
-1555
-420223 (base 6) to base 5
-2040113
Convert 311 (base 8) to base 6.
533
Convert -1255 (base 11) to base 13.
-988
Convert -26925 (base 12) to base 3.
-2200221002
What is -10220220 (base 3) in base 5?
-42414
What is 11100101001 (base 2) in base 3?
2111220
-554 (base 9) to base 13
-28c
380 (base 15) to base 4
30123
2541 (base 6) to base 9
777
What is 17c9 (base 15) in base 2?
1010000010011
What is -123022 (base 4) in base 11?
-1340
Convert 7910 (base 11) to base 13.
4984
1110000101 (base 2) to base 10
901
Convert -34555 (base 7) to base 15.
-295a
-325 (base 9) to base 3
-100212
What is 11a (base 13) in base 4?
3000
What is 1a4 (base 11) in base 7?
454
What is -133 (base 8) in base 3?
-10101
Convert 213131 (base 4) to base 14.
cc5
What is -52327 (base 9) in base 5?
-2101111
2395 (base 10) to base 6
15031
What is 10010110100 (base 2) in base 16?
4b4
-1011120212 (base 3) to base 9
-34525
Convert 167 (base 10) to base 3.
20012
Convert -12121021 (base 3) to base 16.
-ff4
-173 (base 8) to base 14
-8b
-81a (base 15) to base 12
-1081
What is 26034 (base 7) in base 6?
51513
What is 102123 (base 4) in base 10?
1179
What is -1705 (base 9) in base 12?
-905
306662 (base 7) to base 2
1100111001010001
What is -1034 (base 6) in base 15?
-10d
Convert 1270 (base 8) to base 16.
2b8
What is 81 (base 15) in base 5?
441
-23561 (base 8) to base 9
-14758
13304 (base 5) to base 2
10000110111
Convert 122322 (base 4) to base 2.
11010111010
2332 (base 4) to base 3
21001
What is -120222 (base 4) in base 8?
-3052
Convert -4410 (base 6) to base 9.
-1346
59c (base 13) to base 8
1716
What is 135340 (base 6) in base 9?
18586
136455 (base 7) to base 15
7bd9
Convert 390 (base 15) to base 4.
30222
What is 101011021 (base 3) in base 12?
4351
-896 (base 11) to base 6
-4545
What is 661 (base 13) in base 15?
4cd
Convert -5047 (base 14) to base 10.
-13783
Convert 4aa (base 16) to base 9.
1566
What is -27303 (base 8) in base 5?
-340341
What is 3d84 (base 16) in base 2?
11110110000100
What is -211112220 (base 3) in base 2?
-100000000111000
-13214 (base 14) to base 8
-133722
What is 3224 (base 5) in base 7?
1165
-321402 (base 5) to base 9
-15787
-441002 (base 5) to base 14
-5727
c0 (base 16) to base 2
11000000
Convert 2010310 (base 4) to base 15.
27ba
Convert 30120 (base 11) to base 8.
126042
What is 1254 (base 7) in base 8?
740
-12b5 (base 13) to base 14
-d99
Convert 130 (base 13) to base 7.
415
Convert -1d6d (base 14) to base 8.
-12415
85b2 (base 12) to base 13
68b1
What is 1262 (base 7) in base 16?
1e5
What is 1033 (base 16) in base 3?
12200121
What is -333402 (base 5) in base 10?
-11727
915 (base 15) to base 2
11111111101
Convert -156242 (base 7) to base 5.
-1442443
What is 12021 (base 3) in base 4?
2032
Convert -23382 (base 9) to base 7.
-63362
-1000100000111 (base 2) to base 11
-3303
27cb (base 15) to base 2
10000101000100
What is 101260 (base 7) in base 13?
7b40
67252 (base 8) to base 3
1102212021
Convert -ba (base 15) to base 9.
-214
-4512 (base 12) to base 14
-2b02
-11000101011111 (base 2) to base 4
-3011133
What is -1b0c (base 14) in base 10?
-4912
What is -5723 (base 10) in base 2?
-1011001011011
What is 14fa (base 16) in base 7?
21441
-a9 (base 12) to base 11
-108
What is 1469 (base 12) in base 7?
6645
-957 (base 15) to base 13
-c61
What is -59a (base 16) in base 7?
-4116
Convert 267 (base 8) to base 10.
183
What is 342 (base 12) in base 10?
482
What is 5161 (base 10) in base 16?
1429
Convert -5112 (base 15) to base 6.
-211125
Convert 111102002 (base 3) to base 13.
45b0
12 (base 14) to base 9
17
212112 (base 4) to base 6
15210
What is -100001100 (base 2) in base 12?
-1a4
What is -785 (base 12) in base 13?
-674
Convert -50363 (base 7) to base 15.
-3932
Convert 4a0 (base 11) to base 12.
416
Convert 1402 (base 8) to base 5.
11040
Convert -10120120 (base 3) to base 12.
-1613
5847 (base 14) to base 10
15351
What is -1010100110001 (base 2) in base 3?
-21102221
Convert -1210120 (base 3) to base 8.
-2437
-95 (base 16) to base 7
-302
-213 (base 11) to base 14
-144
What is -67b4 (base 12) in base 10?
-11512
Convert -213331 (base 6) to base 3.
-220011201
-285 (base 11) to base 3
-110102
Convert 298 (base 11) to base 2.
101011101
Convert -334 (base 12) to base 6.
-2104
-660 (base 15) to base 16
-5a0
Convert -64 (base 15) to base 6.
-234
Convert 619b (base 14) to base 15.
4e9c
What is -110111111 (base 2) in base 16?
-1bf
What is -4cc8 (base 14) in base 9?
-20464
What is -20121 (base 3) in base 12?
-12a
Convert -11101100010100 (base 2) to base 3.
-202202011
What is -4aa (base 14) in base 4?
-32212
Convert -3514 (base 10) to base 5.
-103024
What is -101000111111101 (base 2) in base 15?
-6344
341213 (base 6) to base 3
1110112000
What is 362 (base 12) in base 11?
420
-41415 (base 6) to base 15
-19a5
Convert -85 (base 10) to base 14.
-61
What is -7a6 (base 15) in base 2?
-11011000011
1010111100010011 (base 2) to base 10
44819
What is a058 (base 11) in base 13?
6119
1011111011 (base 2) to base 16
2fb
10233033 (base 4) to base 16
4bcf
-b69 (base 14) to base 6
-14225
What is 1545 (base 8) in base 11?
720
-1ddd (base 14) to base 6
-41223
Convert 7123 (base 9) to base 11.
3a02
Convert 489 (base 11) to base 8.
1105
Convert 3751 (base 15) to base 6.
130304
Convert 3a13 (base 13) to base 9.
12338
Convert -422 (base 7) to base 4.
-3110
1394 (base 13) to base 16
b09
-1010101001 (base 2) to base 9
-836
21211 (base 3) to base 14
111
What is 18022 (base 15) in base 7?
442256
What is 114d (base 15) in base 6?
25001
What is 3519 (base 11) in base 6?
33214
What is -11132201 (base 4) in base 15?
-69a8
104410 (base 5) to base 12
21aa
Convert -554 (base 6) to base 3.
-21221
1121101200 (base 3) to base 10
31635
-2203 (base 6) to base 9
-623
6fab (base 16) to base 2
110111110101011
What is 12053 (base 9) in base 4?
1332003
24330 (base 5) to base 6
12304
What is -1543 (base 8) in base 13?
-519
What is 1744 (base 12) in base 2?
101011100100
Convert 1745 (base 8) to base 11.
827
What is 22453 (base 7) in base 5?
140342
What is -877a (base 12) in base 16?
-3a4e
Convert -16733 (base 8) to base 3.
-101111002
Convert 111543 (base 6) to base 4.
2110113
Convert 21200 (base 3) to base 8.
317
Convert -231113 (base 4) to base 16.
-b57
22273 (base 9) to base 2
11100111011000
Convert -10110111100110100 (base 2) to base 16.
-16f34
What is -4512 (base 7) in base 5?
-23001
Convert -14091 (base 11) to base 15.
-5e2a
What is 13211 (base 9) in base 5?
241140
-10013302 (base 4) to base 5
-1020012
What is aa8 (base 13) in base 3?
2111201
What is 233062 (base 8) in base 5?
10020120
220010 (base 5) to base 12
4415
32525 (base 6) to base 13
2096
Convert 1197 (base 11) to b